 Calculate d(r).
0
Let o(k) be the first derivative of -1/24*k**5 + 1/360*k**6 - 1 - 2*k**3 + 1/6*k**4 + 0*k**2 + 0*k. Let n(f) be the third derivative of o(f). What is n(5)?
4
Suppose 4*n = 6*n - 6. Suppose 0 = -3*b - v - 13, 2*b - 1 = n*b - 3*v. Let m(k) = 6*k. Give m(b).
-24
Let d(y) = -5*y**3 + 23979 + 4*y**3 + y**2 + 3*y**2 + 5*y - 23972. Calculate d(-3).
55
Let t be 39/(-91) - (-6)/14. Suppose 5*x = -4*q + 5*q - 12, t = q - 2. Let n(h) be the first derivative of h**4/4 + h**3/3 - h**2 - 2*h - 3. Give n(x).
-2
Let w(p) = p - 3. Let q be w(6). Let k(m) = -6*m**3 + 0*m**q + 11*m**2 - 10*m**2 - 6*m**3. Determine k(1).
-11
Let i(l) be the first derivative of l**3/3 - 3*l**2 + 12*l + 402. Give i(6).
12
Let y(t) = -31 + 2*t - 3 + 48. What is y(-6)?
2
Let s(l) = -l**2 - 9. Let k be s(7). Let a = k - -56. Let q(o) = o**2 + 3*o + 3. Determine q(a).
1
Let g(q) be the second derivative of -q**3/6 - 15*q**2/2 - 41*q. Calculate g(-10).
-5
Let g(d) = -3*d - 6. Let p be g(-4). Let m(c) = c**3 + 295*c**2 + c - 301*c**2 - 6 + 1. Give m(p).
1
Let o(y) = 5 - 38*y - 2 + 39*y + 6. Let l = 5 - 8. Let h = l - -3. Give o(h).
9
Let c = -126 + 130. Let s be 1/c - (3 + 36/16). Let x(b) = b**3 + 4*b**2 - 6*b - 3. Calculate x(s).
2
Let d(s) = -s**2 + 5*s + 6. Let t(o) = -o. Let p(q) = -d(q) - 2*t(q). Suppose z = -3*c + 35, -z + 2*z - 30 = -2*c. Suppose 2*m + 2*m = z. Calculate p(m).
4
Let f(a) = -297*a - 18 + 298*a + 15. Give f(7).
4
Let x(z) be the second derivative of -2 - 3*z - 23/2*z**2 + 1/6*z**3. Calculate x(11).
-12
Let n(i) = 7*i - 13. Let u be -1 + 1 - 6*1. Let k(y) = -13*y + 26. Let t(j) = u*k(j) - 11*n(j). Let g be 100/16 + 2/32*-4. Give t(g).
-7
Let q(y) = y - 4. Let v(p) = -p + 6. Let f(a) = 4*q(a) + 3*v(a). Suppose -5 = x, -2*l + 2*x + 10 = -l. Suppose l = 3*z - 0 + 18. What is f(z)?
-4
Suppose 0 = 3*w + 4*p + 15 + 9, -2 = -w + 2*p. Let h(b) be the first derivative of -3*b + 5/2*b**2 - 4 - 1/4*b**4 - b**3. Determine h(w).
-7
Let z(i) be the third derivative of -i**6/360 - i**5/24 + i**4/8 - 2*i**3 + 6*i**2. Let y(m) be the first derivative of z(m). Calculate y(-6).
-3
Let y(i) = -50*i + 3. Let j(t) = -17*t + 1. Suppose 53 - 19 = -2*v. Let g(w) = v*j(w) + 6*y(w). Calculate g(-1).
12
Let u(d) = -5*d**2 - 2*d**3 + 3*d**3 + 0*d**2 - 6 - 2*d + 3*d. Suppose -10 - 1 = -4*v + 5*q, 0 = 5*v - 4*q - 7. Let t be (-130)/(-25) + v/5. Determine u(t).
-1
Let l(v) = 2*v - 11*v + 5 - 7 + 11. Let p(u) = -7*u + 8. Let z(d) = 4*l(d) - 5*p(d). Give z(-10).
6
Let h(g) = -4*g**2 + 6*g + 14. Let m be h(-5). Let u = 113 + m. Let y(a) = -3*a - 4 + a**2 - 2*a**2 + 0*a**2. Determine y(u).
-4
Let k(t) = t + 6. Let i be k(0). Let x be ((-28)/16)/(1/(-12)). Let f(q) = -x*q + 3 + 4 - q**2 + 26*q. What is f(i)?
1
Let d = 4 - 16. Let t(y) = -y**3 - 12*y**2 - 4. Let b be t(d). Let l(p) = -p - 4. Determine l(b).
0
Let k(v) = v**3 + 2*v**2 + 2*v + 2. Let q(o) = -4*o**3 - 6*o**2 - 8*o - 8. Let j(m) = 9*k(m) + 2*q(m). Determine j(-6).
-10
Let v(x) = 23 - 107*x + 100*x - 8 - 12. Determine v(-2).
17
Let i(v) = -55*v + 20*v + 17*v + 20*v - 28. Calculate i(14).
0
Let t(b) be the second derivative of -2*b**2 + 6*b - 1/12*b**4 + 0 - 1/20*b**5 + 0*b**3. Let d(q) = q**2 + 8*q + 7. Let g be d(-7). What is t(g)?
-4
Let g(u) = 2*u + 2. Let n(b) = -b**3 + 4*b**2 - 2*b + 2. Let o be n(3). Suppose -i - h = -o*i + 13, -3*i = -4*h. Suppose i*y - 1 = -17. Determine g(y).
-6
Let b(m) = -105*m - 54*m + 162*m. Let o(v) = 3*v**3 + v. Let x be o(-1). Determine b(x).
-12
Let q(a) = -11. Let y(o) = o + 45. Let u(n) = 9*q(n) + 2*y(n). Let w(d) = d**3 - 4*d**2 + 8*d - 25. Let j be w(4). Give u(j).
5
Let i(o) = 36*o + 821 - 38*o - 769. Calculate i(19).
14
Let i(k) be the second derivative of -1/6*k**3 + 0 + 0*k**2 - 12*k. What is i(1)?
-1
Suppose -9 = -9*y + 6*y + 3*q, 1 = 5*y + 2*q. Let z(h) = h**3 - h**2 + h + 1. Let f(r) = 5*r**3 + 2*r**2 - 3*r - 3. Let s(l) = -f(l) - 3*z(l). Determine s(y).
-7
Suppose -d + 13 = -3*b - 5*d, 0 = 2*b - d + 5. Let t be b/(-6)*0/4. Let f(n) = -n**3 + n**3 + n**3 - 6 + t*n**3 + 6*n**2. Calculate f(-6).
-6
Let c be (34 - 42) + 8/1. Let v be 20/15*6/4. Let h(s) = -s**3 + s - 16 + 14 - v*s**2 + s**2. Calculate h(c).
-2
Let x(o) = -o + 3. Let q(d) = -d**2 - d + 1. Let g(s) = 2*q(s) - x(s). Determine g(-1).
-2
Let j be (28 + -14)*5/(2 + 8). Suppose 6 = -0*p - 3*p, -3*p = 3*i - 12. Let x(y) = -5*y - 10. Let w(a) = -4*a - 10. Let h(z) = i*w(z) - 5*x(z). What is h(j)?
-3
Let d be (-4)/8 + 1/2 - 0. Let b(l) = 4*l + 33. Let s(p) = p + 11. Let f(h) = 2*b(h) - 7*s(h). Calculate f(d).
-11
Let z be -2 - (-2)/(-4)*2. Let n(c) = c**2 - 1. Let o(i) = 1288*i + 4*i**2 - 12 - 1285*i + 4. Let f(h) = z*n(h) + o(h). Calculate f(-4).
-1
Let i(s) = 28 - 8 - 4*s - 3 - 14. Give i(1).
-1
Let o(r) = 8*r + 3. Suppose 0 = -4*m - 5*p - 37, -15*p = 4*m - 19*p - 8. Determine o(m).
-21
Suppose 11*m - 12 = 8*m, -20 = -2*l - 4*m. Let s(y) = 3*y - 2*y - 13*y**2 + 2*y**2 + 12*y**2. Calculate s(l).
6
Let r = -12 - -15. Let m(h) = -2*h - 10*h**2 - r + 11*h**2 - 3*h. Determine m(4).
-7
Let q(d) = 9*d - 17*d - 1 + 11*d. What is q(1)?
2
Let k = 2094 + -2094. Let b(v) = -13*v + 3. Give b(k).
3
Let s(o) = -2*o**3 + 2*o + 3. Let h = -22 + 53. Suppose 3*p + h = -2*i, 2*p + 7 = p - 4*i. Let f = -13 - p. What is s(f)?
15
Let m(c) be the third derivative of c**5/60 + 5*c**4/24 + 19*c**3/6 - 9*c**2. Let i(z) be the first derivative of m(z). Give i(-5).
-5
Let q(c) = -c**3 - c**2 - 15. Suppose -3*w - 12 = 5*p, 20*p = 21*p - 4*w - 16. Determine q(p).
-15
Let k = -302 - -300. Let h(z) be the third derivative of -1/24*z**4 + 0*z - 1/30*z**5 + 0*z**3 - 2*z**2 + 0. Give h(k).
-6
Let h be ((-2)/(-6))/(3/27). Let r(b) = -b + 3 - 5*b**2 + 3*b + 2*b**3 + 13*b**3 - 14*b**3. What is r(h)?
-9
Suppose -8 = -9*p + 10. Suppose p*s + 4*s - 30 = 0. Let g(z) be the first derivative of 2*z**3/3 - 3*z**2 - 7*z + 2. Give g(s).
13
Let d(r) = r + 24. Let p be d(-20). Suppose p*l = -n + 13, 5*l = 2*n + 2 + 11. Let f(a) = 2*a - 2. Determine f(l).
4
Let d(h) = h**3 - 5*h**2 - 8*h + 14. Let q be d(6). Suppose -6*a + 2*a = -4*j - 4, -3*a + 4*j + q = 0. Let c(g) = -g**3 + 3*g**2 - 4*g + 2. Determine c(a).
-2
Let w(t) = t + 12. Let g = 1094 - 1110. Give w(g).
-4
Suppose -5 = 6*a - a. Let n be (-4 + (-16)/(-5))/((-1)/60). Let c(r) = 93*r - 46*r - n*r. Determine c(a).
1
Let p(c) be the second derivative of c**3/6 - 2*c**2 - 2*c - 31. Determine p(5).
1
Let n(a) = -a**2 + 4*a + 8. Let d(v) be the third derivative of -v**4/8 - 15*v**3/2 + 24*v**2. Let z be d(-17). What is n(z)?
-4
Let u(z) be the third derivative of -z**5/60 + 3*z**4/8 + z**3/3 + 473*z**2. Give u(10).
-8
Let g(q) = q**3 - 5*q**2 + 3*q + 7. Suppose m + 2 + 0 = 0, k - 2*m = 9. What is g(k)?
22
Let v(t) be the first derivative of -t**4/4 + 5*t**3/3 + 5*t**2/2 + 7*t + 159. Give v(6).
1
Let z(j) = -2*j + 1. Let u(i) = -i**3 - 2*i**2 + 4*i - 17. Let m be u(-4). Give z(m).
3
Suppose 0 = -14*w + 10*w + 12. Suppose 4*i - 6*k + w*k = 20, i + 14 = -4*k. Let b(o) = -o**2 - o. Let z(d) = 3*d + 2. Let h(x) = -2*b(x) - z(x). Calculate h(i).
4
Let l = -74 - -78. Let m(t) = -l*t - 5*t - 2 + 11*t - 3*t. Calculate m(6).
-8
Let o(b) = -5*b**3 + 5*b + 2. Let u(a) = 9*a**3 - 9*a - 3. Let q(k) = 5*o(k) + 3*u(k). Give q(1).
1
Let v(k) be the second derivative of k**5/20 - k**4/3 + k**3/6 + 3*k**2/2 + 161*k. What is v(3)?
-3
Let f = -32 + 40. Let w(h) = -3 + 2*h - h + 13 - f. Let u be (-7)/(7/2) + 1. Determine w(u).
1
Let m(r) = -8*r + 7. Let g(f) = 2*f - 4. Let o(a) = -2*g(a) - m(a). Calculate o(-2).
-7
Let x(k) = -2*k**3 + 26*k**2 + 5*k - 69. Let d be x(13). Let h(n) = -n**2 - 6*n + 3. What is h(d)?
11
Let m(w) = w + 12. Let l be m(-10). Suppose -4*h = -0*i + 2*i + l, -5*h = 4*i + 10. Let y(j) = 0 + 0 - 20*j**h + 17*j**2. Give y(-1).
-3
Let q = -10 - -5. Let v(o) be the third derivative of -o**5/60 - o**4/4 + 2*o**3/3 + 187*o**2. Give v(q).
9
Let o(p) = -p - 9. Let t(u) = -6*u + 2. Let l be t(3). Let h be (-19 - l)/((-3)/(-4)). What is o(h)?
-5
Let r(q) be the first derivative of q**3/3 - 5*q**2/2 + 6*q + 1. Let l be 24/(-12)*10/(-4). Give r(l).
6
Suppose 4*p - 5*z - 48 = 0, -z + 17 = 8*p - 5*p. Let q(h) = -h**3 + 6*h**2 + 3*h - 3. Calculate q(p).
-31
Let s(d) = -d**3 + 8*d**2 + 8. Let b(q) = 8*q**2 - 2*q - 10. Let z be b(3)